30, -5*m + 4*q - 30 = -0*m. Let u be r(m). What is the highest common factor of 14 and u?
7
Let h = 2758 - 2741. Let s = 185 + -49. Calculate the highest common divisor of h and s.
17
Let u(l) = 22*l - 60. Let v be u(4). Let s be (-21)/(-2)*64/3. Calculate the greatest common factor of s and v.
28
Let j(y) = -6*y - 26. Let p be j(-6). Let b(l) = -l**3 - l**2 + 1. Let n be b(0). Let d be n/(-3) - 31/(-3). Calculate the greatest common factor of d and p.
10
Suppose c - 4*c = -108. Suppose -c = 2*r - 6. Let u(b) = b**2 + 13*b - 7. Let j be u(r). Calculate the highest common factor of j and 115.
23
Let l(y) = -y**2 - 16*y + 80. Let a be l(-19). Calculate the highest common factor of 23 and a.
23
Let w be ((-170)/187)/(3/(-15)) - (-12)/(-22). Suppose -4*a + 2 + 54 = 0. Calculate the greatest common divisor of w and a.
2
Let m be (11/(-121) + 26/44)*1924. What is the highest common divisor of m and 26?
26
Let n(r) = -7*r. Let t be n(-4). Let f be (-3 + 10)*12/t. Let j(i) = i**2 + 6*i + 6. Let a be j(-5). Calculate the highest common divisor of f and a.
1
Let j = 46 - -53. Let i be j - -2*(-6)/(-4). Suppose -2*u = 4*s + s - i, 4*s + 2*u = 82. What is the highest common factor of s and 100?
20
Let b be 14/(-2)*(-6)/7. Let u be (5/(-2))/(b/(-12)). Let t be (-141)/(-4) + (-4)/16. Calculate the greatest common factor of t and u.
5
Suppose -647 - 505 = -4*n. What is the highest common factor of n and 96?
96
Suppose c - 2*w = 9 + 3, -2*c - 4*w = -64. Let f = c + -15. Let n be 38 - (15/3 + -2). What is the greatest common divisor of n and f?
7
Let v = -176 - -266. Suppose -4*p = -p + f - 118, -2*p + 5*f + v = 0. Let i be 1/(8/(-10) + 1). What is the highest common divisor of p and i?
5
Suppose 3*u + 381 = 5*d, 2*d - 168 = 5*u - 8. Suppose 2*r = 5*r - d. What is the highest common factor of 125 and r?
25
Suppose -5*o + 3*o = -4. Suppose 3*t - o*i - 701 = 3*i, -2*t - 5*i = -459. What is the greatest common divisor of 29 and t?
29
Let s = 59 + 31. What is the highest common divisor of 252 and s?
18
Let i = -799 + 820. What is the highest common factor of 63 and i?
21
Suppose 32*p - b + 52 = 36*p, -4*p + 64 = 4*b. Calculate the highest common divisor of 21 and p.
3
Suppose 2*u + 5*f = 38, 0*u - f = -2*u + 14. Calculate the greatest common factor of 63 and u.
9
Suppose 4256 + 13762 = 7*c. Suppose 71*r + c = 80*r. Let j(l) = -6*l - 4. Let f be j(-5). What is the greatest common factor of f and r?
26
Suppose 0 = -14*j + 19 + 9. What is the highest common factor of 21 and j?
1
Suppose 3*x = -2*u - 25, -5*x + x = 2*u + 32. Let k = x + 16. Let d be (-4 - -14) + -11 - (-2 + -17). Calculate the greatest common divisor of d and k.
9
Suppose -a - 2*a = -5*m - 139, -2*m = -2*a + 94. Let f = -36 + a. Calculate the highest common divisor of f and 6.
6
Let f = 52 + -55. Let z be (1 - 2) + 4 - f. Calculate the greatest common divisor of z and 66.
6
Let w = -2586 + 2696. Let d(p) = 4*p**2 + 4*p + 2. Let b be d(-2). Calculate the highest common divisor of w and b.
10
Let o = 25 - 4. Suppose 16*d + 150 = o*d. Calculate the greatest common divisor of d and 40.
10
Let l be 788/14 - 4/14. Let f = -18 - -26. What is the highest common divisor of f and l?
8
Let z(i) = 2*i - 49. Let w be z(26). Let b = 16 - -8. Calculate the greatest common divisor of w and b.
3
Suppose 0 = -4*h + 23 - 3, 3*m = 2*h + 65. Suppose -5*s = -24 - 101. What is the highest common factor of s and m?
25
Suppose 4*v - 2 - 14 = 0. Let b be ((-24)/(-42))/(1/7). Let i be 1 - (b - v) - -10. Calculate the greatest common factor of 11 and i.
11
Let w be 4/(-18) + 2/9. Let p be 5 + (-56)/12 + (-22)/(-6). Suppose 0 = -p*d - w + 4. What is the highest common factor of 3 and d?
1
Let z = 345 + 337. Calculate the greatest common divisor of z and 62.
62
Let d be (4 - 4) + 2 + 35. Calculate the highest common divisor of d and 407.
37
Let g be 440/30 - 2/(-6). Let l(i) = i**2 + 1. Let y be l(-2). What is the greatest common factor of g and y?
5
Suppose 0 = -29*h + 27 + 31. Calculate the greatest common factor of 34 and h.
2
Suppose -2*w - 38 = -3*r, 4*r - 35 = w + 9. What is the greatest common divisor of 470 and r?
10
Let z(d) = -d - 11. Let w be 5/(-25) + (-98)/10. Let n be z(w). Let i be (-2 + n - -5) + 19. What is the highest common factor of i and 210?
21
Let v(r) = r**2 - 12*r - 21. Let m be v(17). Suppose -2*l + 3 = 11. Let x = 20 + l. What is the greatest common factor of x and m?
16
Let z(s) = -s - 3. Let u be z(4). Let f = 14 + u. Suppose 26*x + 5*p = 30*x - 262, -260 = -4*x + 4*p. What is the greatest common factor of f and x?
7
Suppose -4*b = 2*j - 32, 26 = 4*j - b - 11. Calculate the highest common divisor of j and 40.
10
Suppose 0 = -4*n + 14550 - 4086. Suppose -1354 = -5*j + n. Suppose 0 = -4*d + j - 38. What is the greatest common factor of d and 21?
21
Let i = 30 - 12. Suppose 2*g + 26 = -2. Let a = 13 - g. What is the greatest common factor of a and i?
9
Let z(h) = h**3 + h**2 + 11*h - 59. Let x be z(4). What is the highest common factor of x and 169?
13
Suppose 0 = -3*m - 24 - 0. Let c be (-1 - 1)/(1/(68/m)). Calculate the highest common factor of 187 and c.
17
Let i be (540/(-16))/15*112/(-3). Calculate the greatest common factor of i and 231.
21
Suppose -q = i - 12, -2*q - 3*q - 3*i = -60. Suppose 3*j + 37 - 166 = 0. Let x = 51 - j. Calculate the highest common divisor of x and q.
4
Let s be 28/98 + (-1 - (-16)/(-7)). Let k be ((-24)/(-20))/(s/(-95)). What is the highest common divisor of k and 418?
38
Suppose -3*x - 288 = -51. Let f be x/(-7) - 10/35. What is the greatest common divisor of 1 and f?
1
Let t = 52 - 48. Let l(x) = x**2 + 3*x + 8. Let o be l(t). What is the greatest common factor of o and 4?
4
Let w(t) = -t**2 - 3*t + 23. Let f be w(-6). Suppose 2*q = -r + 14, 0*r + r - 29 = -f*q. Calculate the greatest common divisor of r and 8.
4
Suppose 6*l - 14 = 10. Let p be (10/l)/((-4)/(-88)). What is the highest common factor of p and 22?
11
Suppose 3*x + 5*i - 250 = -0*x, 0 = -4*x + 5*i + 345. Suppose -3*s - 5*u + x = -15, -s = -4*u - 22. Calculate the highest common divisor of s and 75.
15
Suppose 66*b - 15918 = -78. What is the greatest common factor of 12 and b?
12
Let f(q) = q**3 + 10*q**2 + 3. Let r be f(-10). What is the greatest common factor of r and 96?
3
Let i be (4/6)/(12 - (-22677)/(-1890)). What is the greatest common factor of 120 and i?
60
Suppose -p + 2*p = -3*c + 155, -c + 145 = p. Calculate the greatest common divisor of 20 and p.
20
Let p be (0 - -181) + 0 - (-75)/(-75). Calculate the greatest common divisor of p and 324.
36
Let o = -654 - -862. Calculate the greatest common factor of 78 and o.
26
Let f(q) = -8*q - 10. Let y be f(-4). Suppose 3*c - 63 = 6*c. Let o = 1 - c. Calculate the highest common factor of o and y.
22
Let i(f) = f**2 + 10*f - 8. Let n be i(3). Calculate the highest common factor of 403 and n.
31
Let y = 11 + 6. Suppose -3*v + y = -4*v - 4*n, v - 23 = 4*n. Suppose -2*f = v*f - 425. Calculate the greatest common divisor of 17 and f.
17
Let s(b) = -b**2 + 25*b - 8. Let q be s(17). Let x = -104 + q. Calculate the greatest common factor of 36 and x.
12
Let k = -532 - -553. What is the highest common divisor of k and 70?
7
Let g = -81 + 130. Let s = -7 + g. What is the highest common factor of s and 28?
14
Suppose 0 = -16*l + 605 - 29. Let y be (4 + -1)/(2/36). What is the highest common divisor of y and l?
18
Let j = -9 + 12. Suppose 2*u + v - 2 = 0, 2*u + u - 5*v = 16. Calculate the highest common divisor of j and u.
1
Suppose -6*w = -2*w - 780. What is the greatest common factor of w and 30?
15
Let r = 196 + -128. Suppose 2*m - r = -2. Let l be (33/12)/((-1)/(-4)). Calculate the highest common divisor of m and l.
11
Let x = 3085 - 1551. What is the greatest common divisor of x and 26?
26
Let o = 301 + -23. Calculate the greatest common divisor of o and 2.
2
Let s = -813 - -829. Calculate the greatest common divisor of s and 512.
16
Let j(z) = -29 + 6*z**2 - 15*z + 11*z - 2*z. Let m be j(-4). Suppose -4*f = 5*r - 62, 3*f + r - 3*r = 35. What is the highest common divisor of f and m?
13
Let g = 17 + 26. Let u be (-8)/(-16) + g/2. What is the highest common divisor of u and 11?
11
Let a(t) = 5*t + 8. Let z be a(5). Suppose 0 = 5*h - 2*i - 50, 4*h - z = i + 2*